4027.
7
What is the greatest common factor of 15539940 and 687?
687
What is the greatest common factor of 39273 and 209562?
159
Calculate the highest common factor of 1102455 and 135.
45
Calculate the greatest common factor of 71082 and 96663622.
7898
What is the greatest common divisor of 73590 and 70730?
110
Calculate the highest common factor of 2 and 235218.
2
What is the highest common divisor of 2897804480 and 2368?
2368
What is the greatest common factor of 57304 and 132373?
19
What is the highest common divisor of 101019380 and 1540?
1540
What is the highest common factor of 413992491 and 12056?
1507
Calculate the greatest common divisor of 9547661 and 6310.
631
Calculate the greatest common divisor of 206 and 1734211.
103
What is the highest common factor of 45179035 and 1628?
407
What is the greatest common divisor of 15306095 and 35805?
1085
Calculate the highest common divisor of 2488431 and 14322.
33
Calculate the highest common factor of 9033800 and 4200.
200
What is the highest common factor of 237395 and 30485725?
3005
Calculate the highest common factor of 16 and 1181620432.
16
Calculate the greatest common factor of 30409104 and 99.
33
Calculate the highest common factor of 7024 and 43840296.
3512
Calculate the highest common divisor of 10015185 and 1425.
285
What is the highest common factor of 646220 and 370?
10
Calculate the greatest common divisor of 6696 and 4231686.
186
What is the highest common factor of 27492 and 2505861?
87
What is the greatest common divisor of 8 and 113258428?
4
What is the highest common factor of 45436 and 986084?
1228
What is the highest common divisor of 70161083 and 94?
47
What is the greatest common factor of 494553 and 7619505?
1059
What is the greatest common factor of 4379066 and 54?
2
What is the greatest common divisor of 148 and 48584?
4
What is the greatest common divisor of 500 and 89214560?
20
Calculate the greatest common factor of 67794 and 12822.
6
Calculate the greatest common divisor of 9861 and 1288257.
57
What is the greatest common divisor of 814 and 50657662?
814
Calculate the greatest common divisor of 55866680 and 32.
8
Calculate the highest common factor of 171 and 13418883.
171
Calculate the highest common divisor of 73 and 705427.
1
Calculate the greatest common factor of 23699819 and 5967.
221
Calculate the greatest common divisor of 1516 and 47262058.
758
Calculate the greatest common divisor of 784199 and 304837.
2327
Calculate the greatest common factor of 1870 and 27082.
22
What is the greatest common divisor of 28188732 and 11154?
858
What is the greatest common factor of 12892 and 119944?
44
What is the greatest common factor of 38956135 and 575?
115
Calculate the greatest common factor of 1846 and 6427642.
26
What is the greatest common divisor of 151570 and 730?
10
Calculate the highest common divisor of 207 and 328539153.
69
What is the highest common divisor of 75292771 and 4821?
1607
What is the highest common factor of 72604192 and 64?
32
Calculate the highest common divisor of 486 and 945901314.
486
What is the greatest common factor of 30465 and 16288620?
10155
Calculate the highest common factor of 27 and 596849301.
9
Calculate the highest common factor of 110 and 118743460.
110
What is the greatest common factor of 18986 and 61303?
11
Calculate the highest common divisor of 45 and 974550735.
45
Calculate the highest common divisor of 2880 and 492543.
9
What is the highest common divisor of 1365 and 3592365?
105
Calculate the highest common factor of 934014 and 20298.
102
What is the highest common factor of 13726362 and 663?
39
Calculate the highest common factor of 181012 and 5486.
26
What is the greatest common factor of 92419776 and 192?
192
Calculate the greatest common divisor of 243 and 285524136.
27
What is the greatest common factor of 84 and 3072948?
12
Calculate the greatest common divisor of 39845 and 123565.
65
Calculate the highest common factor of 31155257 and 42.
7
What is the highest common divisor of 1882278 and 234?
18
Calculate the greatest common divisor of 370 and 1123585.
5
Calculate the greatest common divisor of 6 and 61666104.
6
What is the greatest common divisor of 128136 and 41441880?
6744
What is the greatest common factor of 14184219 and 21837?
87
Calculate the greatest common divisor of 6178024 and 302600.
712
Calculate the highest common factor of 6598592 and 572.
572
What is the highest common factor of 16647 and 147675?
537
Calculate the greatest common divisor of 1658 and 5424.
2
Calculate the highest common divisor of 3521734326 and 198.
198
Calculate the highest common divisor of 5832 and 23787.
27
Calculate the greatest common divisor of 82458 and 78642.
18
Calculate the greatest common factor of 4770 and 1199920.
530
What is the greatest common divisor of 26703 and 135?
27
Calculate the highest common divisor of 1664543453 and 18771.
6257
What is the greatest common divisor of 117 and 38557?
1
What is the greatest common divisor of 48 and 10698832?
16
Calculate the greatest common factor of 14956 and 6130.
2
What is the highest common factor of 331125 and 10125?
375
What is the greatest common factor of 16103551 and 981?
109
Calculate the highest common divisor of 6296 and 34616.
8
Calculate the greatest common factor of 23 and 79354117.
23
What is the highest common divisor of 24665700 and 15900?
300
What is the highest common divisor of 53408 and 649024?
32
What is the highest common divisor of 11 and 3420226?
1
What is the greatest common divisor of 7908 and 50820?
12
Calculate the greatest common factor of 623285 and 747050.
1115
Calculate the greatest common factor of 1375 and 1060725875.
1375
What is the greatest common factor of 511 and 148097947?
73
Calculate the greatest common factor of 230 and 1916380.
10
What is the highest common divisor of 198 and 307336755?
33
What is the greatest common divisor of 4745448 and 680?
136
Calculate the highest common factor of 17620898 and 5658.
1886
What is the greatest common divisor of 2320 and 139345?
145
What is the highest common factor of 830519 and 436567?
947
What is the highest common divisor of 318662 and 127958?
274
Calculate the greatest common factor of 6216949 and 581.
83
Calculate the greatest common factor of 1457346 and 145728.
66
What is the highest common divisor of 2327954 and 26?
2
Calculate the highest common factor of 8781108 and 105.
21
What is the greatest common divisor of 10719 and 74595903?
1191
What is the highest common divisor of 74261691 and 4536?
567
What is the highest common factor of 273236 and 9413474?
1646
What is the highest common factor of 1140 and 196568?
4
Calculate the greatest common factor of 36928398 and 507.
39
Calculate the greatest common factor of 50643 and 36891.
9
Calculate the greatest common factor of 17809 and 10747.
11
Calculate the highest common factor of 20 and 6266536.
4
Calculate the greatest common factor of 547469 and 49437.
1831
What is the highest common divisor of 290491 and 437?
19
What is the greatest common divisor of 4585 and 26530?
35
Calculate the greatest common factor of 660 and 14309900.
220
What is the highest common factor of 85 and 3430345?
85
What is the highest common factor of 903774 and 23052?
678
What is the highest common factor of 426892672 and 352?
32
Calculate the greatest common divisor of 64190 and 384354.
262
Calculate the greatest common factor of 3202788 and 7428.
12
What is the highest common factor of 826 and 10300574?
118
Calculate the greatest common factor of 61008 and 128433.
93
What is the greatest common factor of 270 and 5063070?
30
What is the highest common divisor of 1675 and 986673825?
1675
Calculate the greatest common divisor of 5993 and 14052663.
461
What is the highest common factor of 14994191 and 20997?
2333
What is the greatest common factor of 825225 and 7265?
5
What is the greatest common divisor of 36328334 and 42?
14
What is the highest common divisor of 3049641 and 189?
63
What is the highest common divisor of 61369 and 139832?
77
What is the highest common factor of 85925 and 81305?
35
What is the highest common factor of 630886 and 3992117?
953
What is the greatest common divisor of 27270 and 372762?
54
Calculate the greatest common factor of 77